10051
Convert 11100011010101000111111 (base 2) to base 5.
3401333101
What is -2605dd (base 14) in base 5?
-313313234
What is -34001100 (base 6) in base 16?
-faa7c
-3332141 (base 5) to base 9
-88122
409778 (base 10) to base 16
640b2
Convert 12151411 (base 6) to base 2.
1011110101100011111
Convert 3324112301 (base 5) to base 6.
415251404
Convert 5613312 (base 7) to base 12.
294a29
What is 1302440 (base 9) in base 6?
23120530
d479 (base 15) to base 8
127531
Convert -69387 (base 10) to base 2.
-10000111100001011
45b542 (base 13) to base 2
110010011100100110011
What is -2696162 (base 11) in base 3?
-22202012201222
What is -1060970 (base 10) in base 4?
-10003001222
What is -2a4215 (base 11) in base 2?
-1110011101111101110
What is 15652450 (base 7) in base 8?
5643460
-373423 (base 8) to base 16
-1f713
304753 (base 12) to base 10
754479
14a5a (base 14) to base 9
77486
What is 110201221100012 (base 3) in base 12?
2325812
Convert 4403411 (base 7) to base 4.
2003212301
What is -37b5a (base 15) in base 7?
-1341061
What is 3264212 (base 7) in base 2?
1100010010000001110
Convert -3268965 (base 10) to base 9.
-6132153
-1000010110010010010 (base 2) to base 11
-177586
-46719 (base 12) to base 16
-17085
Convert -32142203 (base 5) to base 6.
-5453105
Convert -21102020210 (base 3) to base 15.
-2d3c3
-13715802 (base 9) to base 7
-111545264
63718 (base 11) to base 2
10110101000100001
18d266 (base 14) to base 3
1122202220222
-91543 (base 11) to base 14
-36a5a
Convert 250e1 (base 15) to base 8.
347100
Convert -308458 (base 11) to base 8.
-1705414
-13223111 (base 6) to base 10
-438739
What is -102331313 (base 4) in base 7?
-442331
What is -1ab7404 (base 15) in base 5?
-20002101104
-2110031103 (base 4) to base 10
-607059
What is -1011001111001110011110 (base 2) in base 11?
-1732377
Convert -600719 (base 12) to base 10.
-1494021
What is -10112020202210 (base 3) in base 16?
-1c9b84
What is 953898 (base 14) in base 8?
23170376
-4344040 (base 5) to base 3
-10210201220
Convert -10010000110011100011110 (base 2) to base 6.
-245411314
Convert -3742233 (base 8) to base 4.
-3330102123
-32011102 (base 4) to base 12
-2946a
b4ac0 (base 13) to base 10
324805
What is -982117 (base 10) in base 13?
-285046
-10214400 (base 6) to base 14
-7a74c
7a049a (base 11) to base 5
311234420
What is -1569101 (base 10) in base 16?
-17f14d
What is -267dc8 (base 16) in base 13?
-6a4259
Convert -222847 (base 9) to base 10.
-133369
Convert -124254160 (base 7) to base 11.
-4526666
Convert -256916 (base 12) to base 6.
-21050030
What is -2102013 (base 5) in base 3?
-1202111201
What is 67884 (base 9) in base 13?
17755
Convert -a25de (base 15) to base 12.
-209792
-10011010010100010 (base 2) to base 16
-134a2
Convert -210011212121 (base 3) to base 6.
-12534024
25d20b (base 16) to base 4
21131020023
What is 1321330 (base 5) in base 4?
12131201
-34c3b3 (base 14) to base 5
-430111214
212211323 (base 4) to base 13
56c48
What is 1461304 (base 13) in base 5?
3130023210
10b3d2 (base 15) to base 7
6530462
20052440 (base 7) to base 6
55325105
What is -10145540 (base 6) in base 7?
-2333445
103533 (base 6) to base 11
6531
Convert 3312101223 (base 4) to base 10.
1008747
What is -10101011100010000011011 (base 2) in base 5?
-2414331023
Convert d01c (base 14) to base 15.
a89d
1317326 (base 8) to base 2
1011001111011010110
Convert 10508418 (base 9) to base 7.
61134200
What is 54478 (base 9) in base 14?
d23a
11273805 (base 9) to base 11
3104188
What is 6564631 (base 9) in base 10?
3526687
1381142 (base 9) to base 12
308b18
What is -15430664 (base 8) in base 6?
-204042524
Convert bc0 (base 16) to base 6.
21532
Convert 49a015 (base 16) to base 9.
10063722
What is 3818874 (base 9) in base 7?
23451424
Convert 10100100100011001110 (base 2) to base 11.
420426
-112012201001 (base 3) to base 9
-465631
Convert -1442935 (base 10) to base 12.
-597047
-1254303 (base 6) to base 13
-25929
What is -2283722 (base 11) in base 10?
-3987216
What is -42056 (base 11) in base 9?
-103056
What is 630623 (base 7) in base 8?
323504
-106c2a (base 14) to base 13
-1664c5
What is -2104140 (base 5) in base 4?
-20201220
Convert -10001101100001100110000 (base 2) to base 12.
-1677894
What is 1000000111 (base 2) in base 6?
2223
-58bc2 (base 13) to base 4
-213221132
What is 11010001101001001 (base 2) in base 15?
21c0c
Convert -11010010001111000111011 (base 2) to base 4.
-122101320323
What is 212588 (base 15) in base 5?
400434003
5101505 (base 6) to base 8
727461
1012335 (base 7) to base 10
120909
-13331213021 (base 4) to base 12
-847b75
17564534 (base 8) to base 12
1469b90
What is 341533 (base 11) in base 2?
10000100101111001001
-4313324 (base 7) to base 12
-213718
Convert -56132 (base 7) to base 12.
-821b
-1d4c0a (base 15) to base 3
-2200211200101
What is 42977b3 (base 12) in base 13?
2807c73
Convert 226504 (base 9) to base 16.
21343
-577106 (base 9) to base 10
-346362
449a49 (base 11) to base 9
1311156
Convert 709c7 (base 15) to base 6.
11350511
What is -532ac8 (base 13) in base 3?
-10122222200211
3d3b (base 14) to base 7
43404
-2a25a4 (base 11) to base 8
-1631525
What is 7fe93 (base 16) in base 7?
4311321
43f5 (base 16) to base 3
212212100
3143410 (base 6) to base 13
54c81
What is 112022132 (base 4) in base 10?
90782
608679 (base 12) to base 15
1ebb33
What is 64161 (base 9) in base 7?
234445
-abb7b6 (base 14) to base 12
-1b53384
What is -201320311132 (base 4) in base 12?
-2b84b3a
What is 1a5a6 (base 16) in base 8?
322646
32137 (base 12) to base 14
19dd9
Convert 88710 (base 9) to base 5.
3341041
3023101303 (base 4) to base 10
832627
111608 (base 14) to base 16
8da48
104024434 (base 5) to base 4
1233011102
Convert -1021122123 (base 4) to base 7.
-2361450
What is 11243034 (base 5) in base 6?
2112210
What is 25150d (base 16) in base 11?
140a952
What is -35152251 (base 6) in base 11?
-683381
-10111122102 (base 3) to base 5
-4201441
What is 4535503 (base 6) in base 7?
1650315
Convert -3c171a (base 13) to base 2.
-101100100011100101110
What is -10b7 (base 16) in base 15?
-1404
11110111100101001000 (base 2) to base 15
15070d
What is -23c61e (base 16) in base 15?
-3149d8
-30161 (base 15) to base 7
-1202464
38a61 (base 13) to base 14
2a3c0
What is -50031531 (base 6) in base 9?
-2568811
What is -842a99 (base 14) in base 6?
-235401531
Convert -316411 (base 7) to base 2.
-1101011100101100
Convert 5125633 (base 9) to base 6.
134331133
What is -c2b9 (base 14) in base 8?
-101313
What is -154262120 (base 7) in base 2?
-100111101011100001011001
What is 1857921 (base 12) in base 10?
5093737
Convert d83b83 (base 15) to base 13.
2193627
Convert d0bba0 (base 16) to base 10.
13679520
Convert -3b4a8 (base 12) to base 10.
-81920
-15036035 (base 8) to base 4
-31003300131
93a092 (base 15) to base 8
32617151
Convert -375272 (base 9) to base 8.
-673202
-311000012 (base 4) to base 14
-5918a
bb003 (base 13) to base 9
565104
-401031013 (base 5) to base 4
-12001301211
5328c (base 13) to base 12
72876
418644 (base 9) to base 12
1001b7
54141312 (base 8) to base 6
1052142322
What is -11011110110101010010 (base 2) in base 15?
-130682
129b864 (base 13) to base 10
5852045
Convert -138f0 (base 16) to base 13.
-2a606
What is 407165 (base 8) in base 4?
200321311
Convert -67591 (base 13) to base 10.
-187708
What is 25a403 (base 11) in base 10?
409104
What is -b2479 (base 13) in base 9?
-536043
Convert 7c981e (base 15) to base 5.
3011032304
What is -473218 (base 9) in base 16?
-45749
Convert 14444202 (base 5) to base 8.
461021
-20011000201012 (base 3) to base 16
-31dd38
1233222023 (base 4) to base 16
6fa8b
What is -21544 (base 10) in base 11?
-15206
What is -100210120 (base 4) in base 12?
-33334
-4bb7a (base 12) to base 4
-121103032
What is -143113110 (base 5) in base 15?
-ed6c0
Convert 24b05 (base 14) to base 13.
31c49
-831744 (base 9) to base 2
-1111000011101100011
-3244010 (base 7) to base 3
-202012022212
Convert 26b326b (base 12) to base 11.
4389098
Convert -10110011010000000101 (base 2) to base 13.
-1c925c
Convert -76ca (base 16) to base 4.
-13123022
84aa99 (base 11) to base 14
2762d2
19386 (base 14) to base 3
10020112122
Convert -325432502 (base 6) to base 10.
-5867606
-174115 (base 10) to base 11
-1098a7
Convert 400022124 (base 5) to base 7.
16202611
-1d9a2d (base 15) to base 2
-1011000100